et m(y) = -35*y + 33. What are the prime factors of m(-6)?
3
Suppose 0 = -0*m + 3*m + 9. Let o(k) be the first derivative of 2*k**3/3 + 2*k**2 + k + 2. What are the prime factors of o(m)?
7
Suppose 0 = -6*p + 3*p + 81. Let n = p + -12. What are the prime factors of n?
3, 5
Suppose 2*z - 3*q - 6 = 0, 2*z - 2*q = -3*q - 2. Suppose 5*i - 15 - 5 = z. Suppose 0 = i*x - 12 - 12. List the prime factors of x.
2, 3
Let o be (-24)/((-3)/1) - 1. Suppose o = -j + 14. What are the prime factors of j?
7
Suppose 5*r - 27 = 23. Let l(i) = i**3 + i**2 - 2*i + 4. Let d be l(0). Suppose -d*o = -42 + r. What are the prime factors of o?
2
Let q = 90 + -34. What are the prime factors of q?
2, 7
Suppose -5*l - 306 + 856 = 0. What are the prime factors of l?
2, 5, 11
Let m(u) = -u. Let z(k) = -k. Let b(s) = 3*m(s) - 4*z(s). Suppose -2*l + 3*p + 29 = 6, 37 = 3*l - 5*p. List the prime factors of b(l).
2
Let h be (9 - 3) + (-4)/2. Suppose -5*x + h*x + 21 = 0. What are the prime factors of x?
3, 7
Let f be (24/18)/((-2)/21). Let q = 20 + f. List the prime factors of q.
2, 3
Suppose 0 = 5*c - c. Let n = c - 17. Let y = -10 - n. What are the prime factors of y?
7
List the prime factors of (-108)/48*(-32)/3.
2, 3
Let r = -6 + 2. List the prime factors of 0 - 6/3 - r.
2
Suppose -63 = -10*u + 7*u. What are the prime factors of u?
3, 7
Suppose 61 = 5*z - 4. Let o(x) = -2*x + 2. Let q be o(-3). Suppose -q = -3*m + z. What are the prime factors of m?
7
Suppose -36 + 0 = -3*n. What are the prime factors of n?
2, 3
Let j(a) = 4*a**2 - 4*a - 20. List the prime factors of j(-3).
2, 7
What are the prime factors of ((-12)/18)/((-4)/30)?
5
Suppose 2*y - 3 = l, -4 = -3*l - 3*y + 14. Suppose 8 = -s + l*s. What are the prime factors of s?
2
Suppose 4*k - u + 6*u = -5, -k + 3*u = -3. Suppose 0 = -y - k*y. Suppose 2*c + 6 = b, 0 = -2*c - y*c + 2. What are the prime factors of b?
2
Suppose 0 = 4*f + 5*v - 32 - 23, -4*f + 4*v + 100 = 0. What are the prime factors of f?
2, 5
Let t(b) = -b**2 - 7*b + 10. Suppose 0 = 4*v - 3 + 35. List the prime factors of t(v).
2
Let n = 6 + 3. What are the prime factors of n?
3
Suppose 2*y = g - 5*g - 28, 8 = -2*y. Let s(b) = b**2 - b - 2. List the prime factors of s(g).
2, 7
Let w(k) = k + 3. Suppose 3*u + 9 = -y - 3, 3*y + 12 = -3*u. Let q be w(y). List the prime factors of (q/4)/((-2)/(-16)).
2, 3
Let z be (-10)/(-4)*558/45. Let k = z - 19. List the prime factors of k.
2, 3
What are the prime factors of 54*((-1)/2)/(-1)?
3
Suppose -5*q = -4*j - 4, 2*q + q - 2*j - 2 = 0. Suppose -2*v + 5*a + 36 = 0, -v - v - 4*a + 18 = q. List the prime factors of v.
13
Suppose -5*n = 15, -32 = -5*k - 2*n + 12. Suppose f - 4*f = -4*h - k, 5*f = -3*h + 65. What are the prime factors of f?
2, 5
Suppose -2 = -5*d - 4*o, -3*d + 2*o = -o - 12. Let j be (-57)/11 + d/11. List the prime factors of (16/j)/((-1)/5).
2
Let v be (-6)/(-3) + -4 - -7. Let y be ((-8)/(-10))/((-2)/(-15)). Let l = v + y. List the prime factors of l.
11
What are the prime factors of (-5)/(-1)*(-66)/(-15)?
2, 11
Suppose y - 1 = 10. List the prime factors of y.
11
Suppose 3 = -3*o - 0*o. Let g = 37 + o. What are the prime factors of g?
2, 3
Let p(h) = h + 3. Let v be p(-5). Suppose 6 = -2*n - 6. List the prime factors of 2*3/n*v.
2
Suppose f + 2 - 8 = 0. What are the prime factors of f?
2, 3
Let p(b) = -b**3 - 10*b**2 - b - 7. Let o be p(-10). Suppose -5*q = 2*l - 25, -o*l - 7 = -4*q - 2*l. Suppose -q*z = z - 44. List the prime factors of z.
11
Suppose 0 = 3*d - 4*f + 10, -f = -2 - 2. Suppose -10 = -5*r + d*z, -r - 3*r - 3*z + 31 = 0. What are the prime factors of r?
2
Let g(r) = r**2 + 8*r + 2. List the prime factors of g(-8).
2
Suppose 487 + 225 = 2*l - 3*f, -1067 = -3*l + 5*f. Let k = -161 + l. What are the prime factors of (-2)/(-7) - k/(-42)?
5
Let b be 2/(-6) - 68/3. Let o = -15 - b. What are the prime factors of o?
2
Suppose -3*o = 5*o - 1064. What are the prime factors of o?
7, 19
Suppose 0*u = -5*l + 3*u + 14, 4*l + 4*u - 24 = 0. Suppose 26 = l*t - 50. Let n = t + -6. List the prime factors of n.
13
Let t = -1 - -30. Suppose -15 - 65 = -4*g. Let c = t - g. List the prime factors of c.
3
Suppose 0*n - 65 = 5*n. Let l = -8 - n. Let j = l - 0. List the prime factors of j.
5
Suppose -2*x = -l - 3 - 6, -5*x - 3*l + 6 = 0. Suppose n + v - 3 = -v, 0 = n - x*v - 23. What are the prime factors of n?
11
Let p = -14 - -6. Let i(n) = -2*n - 2. List the prime factors of i(p).
2, 7
Suppose -5*l + 19 = 5*f - 171, -6 = -2*l. Suppose 0*h - 5*h + 195 = 0. Suppose 4*o + f = 5*r - 13, 0 = 4*r - 3*o - h. What are the prime factors of r?
2, 3
Suppose -w + 2*w = -3. Let f(t) = 4*t - 1. Let b(x) = -x. Let q(y) = -b(y) - f(y). List the prime factors of q(w).
2, 5
Let c(b) = -2*b - 7. Let k be c(-5). Let p(d) = -2*d + 11. Let j be p(-5). Suppose -j = -k*r + 3. List the prime factors of r.
2
Let p = -1 - -4. What are the prime factors of (-3 - 1)*(-6)/p?
2
List the prime factors of (5 + 39)/(3/((-15)/(-2))).
2, 5, 11
Let b(a) = -a**3 + 8*a**2 + 0*a**3 - 12*a - 6 + 5*a. Let m be b(7). List the prime factors of 3 + -3 - (-1 + m).
7
List the prime factors of (-1064)/(-49) - 2/(-7).
2, 11
List the prime factors of (-4 - -15)/((-1)/(-1)).
11
Let q(p) = 0 + 3 - 2 + 7*p. List the prime factors of q(3).
2, 11
Suppose -o = -6*o. List the prime factors of (-2 + -11)/(-1 + o).
13
Suppose 2*c + 0 - 4 = 0. Suppose 4*g = -c*z - 1 - 1, 3*g - 2*z + 12 = 0. List the prime factors of (-14)/((-7)/((-7)/g)).
7
Let x = -18 - -28. Suppose -v + 26 = -2*i + x, -4*i + 58 = 3*v. Suppose 3*q - q = v. What are the prime factors of q?
3
List the prime factors of ((-783)/(-36))/((-6)/(-104)).
13, 29
Suppose 4*v + 15 = 7*v. Suppose -60 - 90 = -v*u. What are the prime factors of u?
2, 3, 5
List the prime factors of 34 - ((1 - 0) + 0).
3, 11
Let a(i) = -13*i**3 + 4*i**2 + i + 2. Let m(n) = 6*n**3 - 2*n**2 - 1. Let h(q) = 2*a(q) + 5*m(q). List the prime factors of h(1).
3
Suppose 0 = -4*u + 3*u + 2. Let l(x) = -5*x + 4 + x**u + 4 - 2*x**2 + 0. List the prime factors of l(-6).
2
Let m(j) = j**3 + 2*j**2 + 3*j - 4. Let r(x) = -5 + x**2 + 2*x + 2*x**3 + 2*x + x**2. Let q(b) = -3*m(b) + 2*r(b). What are the prime factors of q(3)?
2
Let w = -2 - 1. Let c be (20/w)/((-2)/6). Suppose d - 2 = -3*a + 8, -2*d - 3*a + c = 0. What are the prime factors of d?
2, 5
Suppose -z + 4*z - b + 667 = 0, z = b - 225. Let c = -121 - z. Suppose 0 = 2*h - n - 30, -5*h = 3*n + 3 - c. What are the prime factors of h?
17
Suppose -1 = d + b, 3*d + 15 = -2*b + 5*b. Let w = d + 38. List the prime factors of w.
5, 7
Let n be (-3 + (-4 - -3))*1. Let p be 5/2 - n/8. Suppose 29 + 7 = p*j. List the prime factors of j.
2, 3
Suppose 0 = 3*a - a - 8. Suppose i + a*b = -3*i + 8, 3*b + 3 = 0. Suppose 3*n = 5*g - 52, 7 = i*g + 3*n - 29. What are the prime factors of g?
11
Let z(u) = -8*u**2 - u. Let c be z(-1). Let k = c + 10. Suppose -3*t - k = -5*t - g, -3*t + 32 = -4*g. What are the prime factors of t?
2
Suppose 39 = -8*w + 11*w. List the prime factors of w.
13
Suppose -6*l + 13 + 83 = 0. List the prime factors of l.
2
Let p(b) = 54*b + 4. Let f(n) = -36*n - 3. Let i(m) = -7*f(m) - 5*p(m). What are the prime factors of i(-1)?
19
Suppose -w + 2*z = 5, 3 = 3*z - 0. Let d = 9 + w. Suppose -v + d + 3 = 0. What are the prime factors of v?
3
What are the prime factors of (-4)/(-26) - (-518)/13?
2, 5
Let z(g) = -2*g**3 + g**3 - 9 - g**2 + 8*g**2 + 5*g. Let j be z(7). Suppose -42 = -4*w - 5*d + 2, -j = -3*w - 2*d. What are the prime factors of w?
2, 3
Let n = -13 + 17. What are the prime factors of n?
2
Let j be (-735 + -3)*4/6. What are the prime factors of 11/(-55) + j/(-10)?
7
Let a(b) = 11*b + 1. Let t be a(2). Suppose -5*y - 4*x + 3*x = -t, -4*y = -5*x - 30. Suppose -y*l = u - 10, 4*u + 2 = l + 3*u. List the prime factors of l.
2
What are the prime factors of (1/(-2))/((-1)/102)?
3, 17
List the prime factors of 1068/24 - 6/(-4).
2, 23
Let m = -5 - -19. Let k = -5 + m. What are the prime factors of k?
3
Suppose 0 = -p + 8 + 4. What are the prime factors of p?
2, 3
Let q(u) = -u - 19. Let v(a) = -a - 18. Let b(r) = -7*q(r) + 6*v(r). Let h be b(0). Let n = h - 8. What are the prime factors of n?
17
Let n(u) = -13*u**2 + u - 15. Let a(l) = 7*l**2 + 8. Let f(h) = 11*a(h) + 6*n(h). Let o be f(5). List th